4)/3)/(27/(-12) + 2). Let u be ((-24)/z)/((-2)/(-16)). Let c(r) = -r**3 - 6*r**2 - 2*r + 6. Calculate the remainder when 53 is divided by c(u).
17
Let i(c) = -2 + 5 + 3 + 2*c**2 - 4*c - 8 + 3*c. Calculate the remainder when 56 is divided by i(3).
4
Let k = 44 + -25. Calculate the remainder when 2581 is divided by k.
16
Let w(i) = 3*i**2 + 42*i - 673. What is the remainder when w(18) is divided by 5?
0
Let r be (0 + 2)/(12/(-18)) + 13. Suppose 14*h - 20 = r*h. Suppose -a = -h*a + 172. Calculate the remainder when a is divided by 23.
20
Let j be (-3 + 2)/((-1)/6). Suppose 0 = -5*y - u - 998, -3*y - j*u = -2*u + 592. What is the remainder when 55 is divided by ((-2)/4)/(10/y)?
5
Suppose 2*f = 5*r + 2210, 3*r - 4*r = -f + 1111. Calculate the remainder when f is divided by 12.
11
Let s = -2104 + 2228. Calculate the remainder when 360 is divided by s.
112
Suppose -72 + 342 = 5*r. Calculate the remainder when 748 is divided by r.
46
Calculate the remainder when (-5 - (3 + 512))*(-9)/18 is divided by 146.
114
Suppose -21*g = -2*g - 418. Suppose g*q + 252 = 36*q. What is the remainder when 26 is divided by q?
8
Suppose 36 = 3*w - 4*o, 42*w - 44*w + 35 = o. Suppose u + 2*u = -5*n + 219, 94 = 2*n - 2*u. Calculate the remainder when n is divided by w.
13
Suppose 2*c + 2*k = -3*c + 180, 44 = c + 2*k. Suppose 0 = -o + 5*h + 68 + 12, -2*o + 171 = h. Let y = o - c. What is the remainder when y is divided by 27?
24
Suppose -509*t - 7800 = -629*t. What is the remainder when t is divided by 50?
15
Let p(q) = -q**3 + 30*q**2 - 57*q + 33. Suppose -87*d + 392 = -73*d. Calculate the remainder when 23 is divided by p(d).
3
Let w(a) = 84*a - 1493. Calculate the remainder when 393 is divided by w(18).
13
Let w = 114 - 91. Suppose w*d - 27*d + 8 = 0, -4*i + 2*d + 148 = 0. What is the remainder when i is divided by 14?
10
Suppose 456037 - 232668 + 743499 = 196*o. What is the remainder when o is divided by 47?
45
Let k(n) = -n**3 - 10*n**2 - 18*n - 55. Calculate the remainder when 1892 is divided by k(-9).
20
Let b(s) = -s + 56. Let y(t) = 18 + t - 7 + 31*t**2 + 304*t**3 - 303*t**3 + 49. What is the remainder when b(0) is divided by y(-31)?
27
Let g be 45/20*4 + (-3)/3. Suppose 490 = g*b - 326. Calculate the remainder when b is divided by 21.
18
Let f = 934 + -888. What is the remainder when 161 is divided by f?
23
Let d(k) = k**2 + 6*k + 16. Let j(f) = 2*f - 18. Let s be j(13). Suppose -3*w = -10 - s. Calculate the remainder when d(-4) is divided by w.
2
Suppose 18 = 2*f, 63 + 42 = 4*c + 5*f. Calculate the remainder when 4663 is divided by c.
13
Let y(k) = -14*k + 11. Suppose -53*g = -58*g + 15. Suppose -66 = -g*v + 39. What is the remainder when y(-9) is divided by v?
32
Let q = 15 - -3. Suppose 3*j + 21 = 4*j - 35. Calculate the remainder when j is divided by q.
2
Suppose -23*l = -21*l + 4, 5*b - l - 122 = 0. What is the remainder when 501 is divided by b?
21
Let t = -28837 + 28921. Calculate the remainder when 964 is divided by t.
40
Let n(u) = -3*u + 37. Suppose -2050*m + 514 = -2048*m. What is the remainder when m is divided by n(8)?
10
Let k(g) = g**3 + 53*g**2 + 40*g + 359. Calculate the remainder when k(-52) is divided by 41.
40
Suppose 5*y = 3*y + 52. Suppose y = 12*c - 226. Calculate the remainder when 71 is divided by c.
8
Suppose -21 + 147 = 6*c. Let a = 5 + -10. Let w(d) = d**3 + 4*d**2 - 5*d + 8. What is the remainder when c is divided by w(a)?
5
Suppose 0 = 3*t + 4*f - 274, -5*t - 3*f + 466 = -f. Let b = -53 + t. Calculate the remainder when 160 is divided by b.
37
Let j(s) = -74*s + 5. Let y be j(2). Let u = y + 256. Suppose r + u = 2*a, -5*a + 58 = -5*r - 212. What is the remainder when 233 is divided by a?
56
Let h(d) = -26*d + 241. Calculate the remainder when h(4) is divided by 67.
3
Suppose -31*h - 82*h + 4859 = 0. What is the remainder when h is divided by 8?
3
Calculate the remainder when 69 is divided by ((-195)/26 + 7)*-42.
6
Calculate the remainder when (-1272)/(-7) - (7 + 714/(-98)) is divided by 60.
2
Suppose 49*w = 13*w + 1080. What is the remainder when 2/(-3) + (-4296)/(-18)*1 is divided by w?
28
Suppose 2*m - 130 = -14*k + 16*k, 0 = -4*k - 16. Let r = m + -30. What is the remainder when 277 is divided by r?
29
Suppose 1200*m - 1210*m = -340. Calculate the remainder when 1590 is divided by m.
26
Suppose 0 = -36*t + 40*t - 28. Suppose t*q + 17 = -4. Let u(a) = -39*a + 3. Calculate the remainder when u(q) is divided by 31.
27
Suppose -j - 131 + 26 = -2*k, k = -2*j + 60. Calculate the remainder when 1*2/((-2)/(-25)) is divided by (3/(-2))/((-9)/k).
7
Let j = 4345 - 1380. Calculate the remainder when j is divided by 69.
67
Let n = 215 + -332. What is the remainder when 94 is divided by n/(-156) + 97/4?
19
Suppose -2*c - 23 + 27 = 0. Suppose -96 = -4*t - c*w, 5*w = 5 - 15. What is the remainder when t is divided by 10?
5
Suppose 4*x - 851 = -5*p, 7*p - 10*p + 211 = x. Calculate the remainder when 329 is divided by x.
115
Let t(x) = 573*x - 429. What is the remainder when 180 is divided by t(1)?
36
Suppose 42*y = -77*y + 592 + 598. Calculate the remainder when 1207 is divided by y.
7
Calculate the remainder when 893 is divided by (-151776)/(-2635) + 8/(-5).
53
Suppose 2*x + 0*q = q + 142, -3*q - 213 = -3*x. Calculate the remainder when x is divided by 0 - (-4 + (-10 - 1)).
11
Suppose 2*l - 27*w - 55 = -28*w, 4*w + 50 = l. Calculate the remainder when l is divided by (3/1)/((-2)/(-12)).
12
Suppose 4*u = 2*f, -f + 2*f + 2*u = 4. Suppose -f*g - n = -5*g + 115, 5*n = g - 15. What is the remainder when 72 is divided by g?
32
Let t = -2 + 8. Let q(y) = 3*y - 14. Let k be q(t). Suppose 7 = -k*h + 43. Calculate the remainder when 15 is divided by h.
6
Suppose 461 = -4*o - q + 1332, 3*q = -4*o + 861. Suppose 0 = 29*j - 625 + o. What is the remainder when 29 is divided by j?
1
Let l(t) = -t**3 + 251*t**2 + 3230*t + 6. What is the remainder when l(-13) is divided by 653?
20
Let n(z) = z**3 - 4*z - 10. Let f(l) = l + 1. Suppose -s + 13 = -q - 5*s, 0 = -4*s - 16. What is the remainder when n(3) is divided by f(q)?
1
Let t = -584 + 412. Let r = 200 + t. Suppose 0 = 2*c + 5*x - 10, 5*c + 3*x = c + 48. What is the remainder when r is divided by c?
13
Let t = 7051 + -7005. What is the remainder when 8462 is divided by t?
44
Let t(u) be the first derivative of -u**4/4 - 5*u**3 - 9*u**2 + 2*u + 22. Calculate the remainder when t(-14) is divided by 21.
16
Let v = 10 + -5. Let x(q) = 22*q + 153. Let o be x(-7). What is the remainder when v/5*o - -15 is divided by 6?
2
Let y = -182 + 335. Let f = -29 + 29. Suppose 3*q + p = -f*q + 61, q + p = 17. What is the remainder when y is divided by q?
21
Let r = 26 - 26. Suppose r = 3*n - 199 + 76. What is the remainder when 81 is divided by n?
40
Let l = 9 + 11. Let d = -149 + 153. Calculate the remainder when (1/d)/(2 - 1884/944) is divided by l.
19
Let n(y) = 2188*y + 8848. What is the remainder when 2685 is divided by n(-4)?
93
Suppose 0 = -3*l + 7*l - 360. Suppose -3*z + 71 = 5*q, 0 = -3*q + 257*z - 256*z + 51. Calculate the remainder when l is divided by q.
10
Suppose o = -2*o + 132. Suppose 2*g - 174 = 2*p, 5*g - 284 = -3*p + 151. What is the remainder when g is divided by o?
43
Let r(z) = -5*z + 18*z - 7*z - 7*z + 1. Let s(k) = -9*k + 3. Let t(q) = 3*r(q) - s(q). Calculate the remainder when 104 is divided by t(6).
32
Let u = 135 - 133. Suppose -i - 2*k = 13, 0*i - 4*k + 26 = -u*i. Let p(b) = b**2 + 11*b - 14. What is the remainder when 119 is divided by p(i)?
11
Let n(k) = -112*k + 363. Calculate the remainder when n(-37) is divided by 10.
7
Let c(w) = -w**3 + 113*w**2 - 11*w + 1394. Calculate the remainder when 236 is divided by c(113).
85
Let u = 7602 + -7497. Calculate the remainder when u is divided by 1.
0
Let n(z) = -z**2 - 51*z - 469. Calculate the remainder when 740 is divided by n(-13).
15
Suppose -3*m + 200 = -115. Calculate the remainder when m is divided by 98 + 14 + (-2907)/51 - (-5 - -1 - -1).
47
Let w be 1*4*(5 - 535/(-20)). Suppose -5*l - w = -397. Calculate the remainder when l is divided by 46.
8
Suppose -45 = -s + d, 0 = 3*s - 5*d - 185 + 52. Calculate the remainder when s is divided by (3/(-2))/((-15)/100).
6
Let f be 4/(-2) + 14 + -10. Suppose f*u - 10*u = -48. Let d(l) = -l**2 + 5*l + 15. Wha